?
8
Let q(x) = -9*x**2 - 5*x + 7. Let d be q(-3). Let b = 74 + d. What is the tens digit of b?
1
Suppose 10*q + 498 = -8682. What is the tens digit of (15/10)/(-3 + q/(-304))?
7
What is the units digit of ((-7)/(-35))/(-2 - (-107484)/53740)?
7
Let i = -335 - -74. Let n = 477 + i. What is the tens digit of n?
1
Let c be (3 + -81)*(-5 - -4). Suppose c = h - 34. What is the hundreds digit of h?
1
Let d(k) = -2*k**3 - 14*k**2 + k + 5. Let b be d(-7). Let n(y) = y**3 - 2. Let a be n(b). What is the tens digit of (576/(-30))/(3/a)?
6
Let d(n) = -n**3 - 8*n**2 + n - 10. Suppose -37 - 3 = 5*a. Let m be d(a). What is the units digit of (m/4)/3*-6?
9
Let b(x) = 2*x**2 - 13*x - 25. Let a be (121/11)/(1 - 0). Let w be b(a). Let q = w - 44. What is the tens digit of q?
3
Suppose -3*b = -5*h - 1469, b - 146 - 341 = -h. Suppose -x = 3*x - b. What is the hundreds digit of x?
1
Let n = 3288 + -833. What is the thousands digit of n?
2
Suppose 0 = -235*z + 234*z + 431. What is the units digit of z?
1
Let t(f) = 3*f**2 - 3*f + 5. Let r(x) = x**2 - 5*x + 2. Let c be r(2). What is the units digit of t(c)?
5
Suppose 5*i - 69 = 3*w, 3*w = 2*i - 20 - 13. Let a(d) = d**2 - 6*d - 12. What is the tens digit of a(i)?
6
Let h(r) = -6*r - 11. Let g be h(18). Let u = 162 - g. What is the units digit of u?
1
Let h = -7 - -41. Suppose 20 = -5*i, -2*i - 49 = 4*t - 525. Suppose h - t = -3*z. What is the units digit of z?
9
Let l(j) = 33*j**2 + 4*j - 9. What is the tens digit of l(3)?
0
Suppose 22*g - 14461 = 11521. What is the hundreds digit of g?
1
What is the units digit of 1 - -766 - (-20 + 43 + -18)?
2
Suppose 3*n = 4*n - 1. Let t(j) = 40*j**3 - j. Let q be t(n). Let h = -22 + q. What is the tens digit of h?
1
Suppose 5*x = 3*j + 12, 6*j - 5*j + 5 = 2*x. Suppose -4 = -2*b + 5*o + 94, -x*b - 2*o = -185. What is the tens digit of b?
5
Suppose 11*y - 16*y + 25 = 0. Suppose t = y*x + 186, t + 4*t = -3*x + 790. What is the units digit of t?
1
Suppose 0 = -4*i - 2 - 2. Let y be (-1)/(-1)*(18 - i). Let k = y - -3. What is the units digit of k?
2
Let x(k) = k + 23. Let v be x(-15). Suppose 7*u + 13 = v*u. What is the tens digit of u?
1
Let l = 363 - 188. What is the hundreds digit of l?
1
Let p = -31 - -55. Suppose -20*h = -p*h + 108. Let f = h + 4. What is the units digit of f?
1
Let m be (3*8/(-12))/((-2)/(-22)). What is the units digit of ((-253)/m)/(2/4)?
3
Let g = 1226 - 603. What is the tens digit of g?
2
Let j(o) = 200*o**2 - 2*o + 8. What is the units digit of j(2)?
4
Suppose f = -21*f + 51260. What is the thousands digit of f?
2
Suppose -2*w = -5*y - w - 496, -5*w = -5. Let j = 132 - y. What is the hundreds digit of j?
2
Let a(z) = 7*z**2 - 6*z - 4. Suppose 3*g - 6*g = 12. Let y be a(g). What is the tens digit of ((-9)/(-27))/(2/y)?
2
Let l(y) = y**3 - 5*y**2 - 6*y + 2. Let g be l(6). Suppose -g*r = -8*r + 6. What is the tens digit of r/(-2 - (-268)/132)?
3
Let q be ((-44)/66)/(4/(-1482)). Suppose -4*c + c + 5*f + q = 0, 3*f - 207 = -3*c. What is the tens digit of c?
7
Let w(q) = -29*q + 12. Let b be w(-8). Let j = b - 166. What is the tens digit of j?
7
Suppose 0 = 9*n - 14*n. Suppose n = y + 4*s - 64, 2*s + 98 = 2*y - 0*s. What is the units digit of y?
2
Suppose -5*c + z + 1151 = -3*z, -1160 = -5*c - 5*z. Let k = -140 + c. What is the units digit of k?
1
Let i be (-11)/((3 - 1) + 1 + -4). Suppose r + 530 = i*r. What is the units digit of r?
3
Let i(p) = 27*p - 183. What is the tens digit of i(30)?
2
Let s(q) = q - 12. Let j be s(14). Suppose -k - 4*m - m = -38, m - 121 = -j*k. What is the tens digit of k?
6
Suppose 0 = 5*x + 5*m - 135, 0 = -4*x - 2*m - m + 113. Suppose 3*w - x = 13. Suppose -5*t = -w - 95. What is the units digit of t?
2
Let z(g) = -g**2 - 7*g + 6. Let o be z(-8). What is the units digit of ((-30)/(-6))/((-1)/o)?
0
Let m(h) = 392*h**2 + 9*h + 8. What is the units digit of m(-1)?
1
Suppose -4*v = 4*z - 190 - 1726, -z = 4*v - 476. What is the tens digit of z?
8
Let t = 85 + -83. Suppose -5*g + 767 = -t*p - 194, 3*p = 6. What is the units digit of g?
3
Suppose 2*x + 4 - 12 = 0. Suppose x*q = 9*q - 970. What is the units digit of q?
4
Let l be (-12)/36 - (-22)/(-6). Let k be 24/(-5) + l/20. Let s(x) = -6*x - 6. What is the tens digit of s(k)?
2
Let y(i) = -19*i + 38. Let x(p) = 17*p - 38. Let l(s) = 2*x(s) + 3*y(s). What is the tens digit of l(-8)?
2
Let q(y) be the second derivative of y**3/6 + y**2 + 3*y. Let l be q(1). What is the units digit of 5 + -3 + l + 0?
5
Let u(p) = -71*p - 230. What is the hundreds digit of u(-22)?
3
Let w be 2204/(-22) - (-2)/11. Let h = 67 + w. Let o = h + 52. What is the units digit of o?
9
Let g(h) = -2*h - 3 + 3 + 9*h - 16. What is the units digit of g(9)?
7
Let k(o) = 142*o + 796. What is the thousands digit of k(8)?
1
Suppose y + 13 = 2*f + 3, f - 12 = 4*y. Suppose -f*r = -3*r - 11. Suppose -r = -2*q + 21. What is the tens digit of q?
1
Let j(w) = 8*w**3 + 2*w - 1. Let g be j(1). Suppose -g = -3*k, -5*r - 5*k + 10 = -10*k. Suppose r*u - 173 + 33 = 0. What is the units digit of u?
8
Let x(j) = -1. Let r(v) = -2 + 4 - 9*v - 5. Let s(m) = -r(m) - 4*x(m). What is the tens digit of s(3)?
3
Suppose 0 = 2*a + 6, -2*m - m - 5*a - 24 = 0. What is the tens digit of ((-6)/(-2))/(-5*m/400)?
8
Let y(t) = -2*t**2 + 6*t - 13*t**2 - 12 + 8 + 2*t**3 + 13. What is the units digit of y(7)?
2
Let f(q) = -2*q**2 + 33*q - 16. Let y be f(16). Suppose -2*k + 6 = y, -5*z + 853 = -z + 3*k. What is the units digit of z?
1
Suppose -65 = -4*y + 5*i, 0*y = -5*y - i + 74. Suppose 1821 + 954 = y*r. What is the tens digit of r?
8
Suppose 5*h = -f + 7, 0*f - 2*f = 4*h - 20. What is the units digit of (-414)/f*8/(-6)?
6
Suppose 2*r = -1048 + 4212. What is the units digit of r?
2
Let t = -8 + 5. Let w(r) = -2*r + 1. Let n(q) = 9*q. Let g(c) = -n(c) - 2*w(c). What is the tens digit of g(t)?
1
Suppose 4*p - l = -230, p + 3*l + 64 = -0*p. Let t = p + 97. What is the tens digit of t?
3
Suppose 4 + 1 = 5*v. What is the tens digit of 27*v/(-3)*-7?
6
What is the hundreds digit of (-13)/((-26)/748) - (-3 - -1)?
3
Let q(c) = -3*c**3 - 15*c**2 - 16*c - 12. What is the tens digit of q(-6)?
9
What is the tens digit of 102655/98 - 10/(-4)?
5
Let f(i) = i - 1. Let d(y) = -y - 20. Let v(s) = d(s) - 3*f(s). What is the tens digit of v(-8)?
1
Let v(d) = -d**2 - d**2 + d**2 + 5*d - d. Let c be v(-3). Let k = c - -36. What is the units digit of k?
5
Let g(b) = -7*b + 23. Let v(p) = -p**2 + p + 1. Let c be v(3). What is the tens digit of g(c)?
5
Suppose -3*p + 11 = -5*p - 5*i, 4*p + 67 = 5*i. Let q = p - -90. What is the units digit of q?
7
Suppose 0 = -10*w + 14*w - 12. What is the units digit of 67/(-1 + 3 + -1) + w?
0
Let p(o) = -10*o - 6. Let c(m) = -11*m - 6. Let w(y) = 5*c(y) - 6*p(y). What is the units digit of w(0)?
6
Suppose 137 = 5*o + 467. What is the units digit of (2 + -7)*o/5?
6
Suppose 0 = -5*i + 3*i + 3504. What is the units digit of i?
2
Suppose 3*v = 4*k - 71, 3*k = 4*k - 5*v - 22. Let h be (-1)/(-2)*k*4. Suppose -2*b + h = -0*b. What is the tens digit of b?
1
Suppose -230 = -3*x - 5*y + 74, -x + 5*y + 68 = 0. What is the units digit of x?
3
Let d(o) = -4 + 3 + 13*o - 14*o. Let k = -7 - 1. What is the units digit of d(k)?
7
Suppose -4*m = -m. Suppose m = -3*o + 8*o + 10. What is the units digit of (-1)/(58/(-28) - o)?
4
Suppose -18*z + 28970 = -1216. What is the thousands digit of z?
1
Suppose 4*h - 45 - 23 = 0. Let n = 49 - h. What is the tens digit of n?
3
Suppose -2*o + 16*f = 19*f - 319, 4*f = 4*o - 628. What is the tens digit of o?
5
Suppose 5*t - 17 = 2*y, t - 2*y - 3*y + 15 = 0. Suppose -698 = -4*h + 2*c, 2*c - t = 3*c. What is the tens digit of h?
7
Let g be (-3)/2*(-28)/21. Suppose 2*w = -g*w + 16. What is the units digit of w?
4
Let h = -772 + 1358. What is the tens digit of h?
8
Suppose 0 = 5*g - 19 - 1. Suppose v - g = 44. What is the units digit of v?
8
Suppose -g - 28 = d, -g + 3*d - 102 = 2*g. Let x = 145 + -93. Let a = x + g. What is the tens digit of a?
2
Let a(h) be the second derivative of -1/4*h**4 - 5*h + 0 + 3/2*h**2 - 2/3*h**3 + 1/20*h**5. What is the tens digit of a(5)?
3
Let m be ((-4)/10)/(12/(-150)). Suppose -3*y + 5*b + 67 = 0, y + 2*y - 107 = -m*b. What is the units digit of y?
9
Let p be (-1030)/(-4)*(-8)/(-5). Suppose 524 = 3